
-111021021212
In base 5, what is -4 + -320143?
-320202
In base 4, what is -1002 + 10112230?
10111222
In base 16, what is 0 + -160b7?
-160b7
In base 7, what is -3160305 - 2?
-3160310
In base 9, what is -11 + -23337?
-23348
In base 3, what is -2 + -120200221120?
-120200221122
In base 15, what is 9 + -a582?
-a578
In base 7, what is 350 + 1556?
2236
In base 9, what is 46 + 21643?
21700
In base 11, what is -112138 + 3?
-112135
In base 8, what is -5 + 13265?
13260
In base 10, what is 39826 + 5?
39831
In base 14, what is 51 - -150?
1a1
In base 3, what is -20002212 - -121?
-20002021
In base 7, what is 26655 - -14?
30002
In base 10, what is 255 + -281?
-26
In base 5, what is -2 - -102332?
102330
In base 6, what is 13355 - 120?
13235
In base 16, what is -86b + d?
-85e
In base 10, what is -3 + 16594?
16591
In base 13, what is -38c010 + 3?
-38c00a
In base 11, what is 0 - -8129?
8129
In base 10, what is -3 - -1095?
1092
In base 3, what is -2102111 + -2?
-2102120
In base 7, what is -406 + -2341?
-3050
In base 12, what is -a - 311?
-31b
In base 4, what is 1 - -123312211?
123312212
In base 8, what is -423 - 10051?
-10474
In base 7, what is 206 - -114410?
114616
In base 10, what is -3 + 39407?
39404
In base 14, what is -4 + 10b004?
10b000
In base 4, what is 2 + 23003221?
23003223
In base 13, what is -14689 - -1b?
-1466b
In base 8, what is 12654506 + 3?
12654511
In base 16, what is -10656 - 12?
-10668
In base 12, what is 120 - -1ba?
31a
In base 3, what is -1 - 10211110220?
-10211110221
In base 3, what is 2110110 + 2120?
2120000
In base 8, what is -103 - -1762?
1657
In base 4, what is 201323010 - -30?
201323100
In base 3, what is 10210212010 + -2?
10210212001
In base 7, what is -10 - 3315?
-3325
In base 3, what is 201112 + -10?
201102
In base 2, what is 101100101001101100111110 - 100?
101100101001101100111010
In base 8, what is -2 + -356743?
-356745
In base 16, what is -12 - 2bf?
-2d1
In base 10, what is 820137 + 7?
820144
In base 8, what is -325 + 25?
-300
In base 10, what is -69406 - 5?
-69411
In base 10, what is -3 + 58603?
58600
In base 7, what is -40032 - 56?
-40121
In base 4, what is 330010 + -330?
323020
In base 7, what is 331024 - 11?
331013
In base 10, what is -1 + 15068?
15067
In base 4, what is -223 + -1312?
-2201
In base 13, what is 9b - -504?
5a2
In base 10, what is 3 - -72956?
72959
In base 3, what is -11122011 - -110?
-11121201
In base 7, what is -662 + 5265?
4303
In base 4, what is -31011 + 113211?
22200
In base 13, what is 82a + -22?
808
In base 16, what is -282 + -35?
-2b7
In base 7, what is 2432 - -115?
2550
In base 16, what is -1d11 - 36?
-1d47
In base 13, what is -1 - 3521a?
-3521b
In base 13, what is 8 - 45928?
-45920
In base 8, what is 635 + -2465?
-1630
In base 13, what is -2 - 1bc10?
-1bc12
In base 10, what is -1423 + -8?
-1431
In base 6, what is 21001 - 13?
20544
In base 4, what is -133131100 + 11?
-133131023
In base 8, what is -4 - -3641?
3635
In base 5, what is -22300143 + -4?
-22300202
In base 8, what is 7 - 772733?
-772724
In base 9, what is -5604 + 2?
-5602
In base 9, what is 5 + -10611?
-10605
In base 5, what is -10 + -24402?
-24412
In base 14, what is 3 - 6a36?
-6a33
In base 16, what is -1e9 - b1?
-29a
In base 13, what is 18 - -13502?
1351a
In base 5, what is -43 + -34?
-132
In base 7, what is -334224 - 4?
-334231
In base 14, what is ada21 + 2?
ada23
In base 12, what is -a0 + -54b?
-62b
In base 6, what is 104302 + 1?
104303
In base 4, what is -11132 - 3132?
-20330
In base 16, what is 3 + 2bdd?
2be0
In base 5, what is 304 + -2340010?
-2334201
In base 7, what is -11550 - 36?
-11616
In base 5, what is 3 + -1401020?
-1401012
In base 12, what is -4 + -566192?
-566196
In base 3, what is -210110220202 + 1?
-210110220201
In base 16, what is -6d3 - -29?
-6aa
In base 14, what is -99 + -66?
-121
In base 16, what is 5 + 11d9?
11de
In base 13, what is 4 - -2660?
2664
In base 7, what is 4141 + 560?
5031
In base 3, what is 111022 + -2002?
102020
In base 10, what is -87 + 484?
397
In base 13, what is -134 + 366?
232
In base 9, what is 1371 - -115?
1486
In base 6, what is -224334 + 4?
-224330
In base 7, what is 26 - 5403?
-5344
In base 15, what is a69 - -6?
a70
In base 3, what is 120 - -10101011?
10101201
In base 4, what is 3030111002 + 11?
3030111013
In base 9, what is 2 + 6273?
6275
In base 5, what is -10 - 3034230?
-3034240
In base 10, what is 650 - -1715?
2365
In base 3, what is 101 + -112101221?
-112101120
In base 3, what is -100212021 + -1211?
-100221002
In base 15, what is -3 - 9525?
-9528
In base 13, what is -22987a + 0?
-22987a
In base 11, what is 388 - -3?
390
In base 2, what is 11111000 - -11111011000011?
11111110111011
In base 11, what is -2 - 773?
-775
In base 12, what is 674b + -5?
6746
In base 5, what is 1302230 - 21?
1302204
In base 7, what is -4 + -1414564?
-1414601
In base 3, what is 2110 - -110201211?
110211021
In base 13, what is 5b3c7 - -18?
5b412
In base 16, what is 5 - 9f87?
-9f82
In base 4, what is 0 + -1321300?
-1321300
In base 15, what is 1d197 + 5?
1d19c
In base 5, what is 4 + 2400202?
2400211
In base 2, what is -1000011001011 - -100001110?
-111110111101
In base 7, what is 23115 + -14?
23101
In base 14, what is 2 - -13b75?
13b77
In base 8, what is 401 + 2374?
2775
In base 7, what is -2 + 10461?
10456
In base 15, what is -15 + 2c56?
2c41
In base 14, what is -10b + -ad?
-1ba
In base 8, what is -33 - 2456?
-2511
In base 7, what is -644 + -360?
-1334
In base 9, what is -374 - 3281?
-3665
In base 8, what is 211 + -2360?
-2147
In base 11, what is 5 + 16330?
16335
In base 14, what is -1 - -62d5?
62d4
In base 11, what is -6969 + 9?
-6960
In base 7, what is 1354 + 112?
1466
In base 12, what is 53b + 1226?
1765
In base 4, what is 112323110 + 2?
112323112
In base 11, what is 39a - 64?
336
In base 6, what is -150441 + -23?
-150504
In base 10, what is 9316 + 4?
9320
In base 15, what is -1c599 + -d?
-1c5a7
In base 9, what is 100 - -12337?
12437
In base 14, what is -295 - -55?
-240
In base 13, what is -1037 + -26?
-1060
In base 16, what is -5ef - -813?
224
In base 3, what is 2111022 + 1200?
2112222
In base 13, what is 0 - 860b?
-860b
In base 12, what is -22 + -6215?
-6237
In base 5, what is 21 + 20340020?
20340041
In base 11, what is 2 - -a179?
a180
In base 11, what is -3 - -62278?
62275
In base 14, what is 8 - -27d1?
27d9
In base 16, what is -3 + -3b2c?
-3b2f
In base 2, what is -100011111 - -10000001?
-10011110
In base 12, what is 2180b9 + 2?
2180bb
In base 4, what is -1 - 10003102?
-10003103
In base 11, what is -125 + -314?
-439
In base 12, what is -423868 - -2?
-423866
In base 13, what is 3 - 9594?
-9591
In base 15, what is -9a6 - -1d?
-988
In base 7, what is -40263235 + 4?
-40263231
In base 11, what is 71629 - 2?
71627
In base 10, what is 2142514 + -1?
2142513
In base 14, what is 8c + -2?
8a
In base 10, what is -14 + -11936?
-11950
In base 6, what is 3454201 - 5?
3454152
In base 5, what is 240 + 120341?
121131
In base 3, what is -11 + -21220110001?
-21220110012
In base 12, what is 4282 - 4?
427a
In base 9, what is -344 - 1433?
-1777
In base 12, what is -258853 - -4?
-25884b
In base 11, what is 6953 + 8?
6960
In base 7, what is -230330 + -3?
-230333
In base 3, what is 11212 + 102100?
121012
In base 2, what is 110000011110001 + 101?
110000011110110
In base 10, what is -2827 - -990?
-1837
In base 16, what is -17 + 32a1?
328a
In base 6, what is -3 - -10015254?
10015251
In base 9, what is 0 + 86620?
86620
In base 13, what is -4 + 91aa4?
91aa0
In base 14, what is -12 + 13cd7?
13cc5
In base 5, what is 1040 + -1400423?
-1344333
In base 2, what is 110100 - -1111010?
10101110
In base 14, what is 1 - 1a4?
-1a3
In base 12, what is 141 + -3423?
-32a2
In base 14, what is 7034 - 3?
7031
In base 9, what is 6 + -120711?
-120704
In base 6, what is -14201 - 151?
-14352
In base 14, what is -31a - -52b3?
4d97
In base 7, what is 506 + -1423?
-614
In base 15, what is -1a1a + 6?
-1a14
In base 3, what is 1 + -101121?
-101120
In base 6, what is -4210 + -320?
-4530
In base 9, what is 171 - -5038?
5220
In base 9, what is 21762 + 13?
21775
In base 14, what is 2 - 541c?
-541a
In base 8, what is -4300643 - 2?
-4300645
In base 8, what is 16 + 112?
130
In base 9, what is 21514 + -3?
21511
In base 8, what is 7727 + 307?
10236
In base 9, what is 1 + -707435?
